ive h(-2).
1
Let g(u) = -37*u**2 + 9*u + 3. Let p(x) = -18*x**2 + 5*x + 2. Let y(n) = -3*g(n) + 5*p(n). Give y(1).
20
Let k(x) = -16*x**2 - x - 1. Let m(y) = 2*y**3 + 1. Let z be m(-1). Calculate k(z).
-16
Let h(z) = -7*z + 7*z + 9 - 2*z. What is h(6)?
-3
Let h(b) = -b**3 + b**2 + 5*b - 4. Let a = 3 - 0. Let i = a + 1. Suppose -6*d + d + 4*v + 19 = 0, 5*d = -i*v + 11. What is h(d)?
-7
Suppose -4*t + t = 4*i - 12, -4*i = 4*t - 16. Let d(r) = -r**2 - 5. Let s(h) = -h**2 - h - 5. Let j(m) = -7*d(m) + 6*s(m). Calculate j(t).
-3
Let y(i) = -2*i**3 - 2*i**3 - i + 7*i**3 - 9 + 10. Give y(1).
3
Let g = -11 + 32. Let s(a) = -a + g - 25 + 2*a. Suppose 4*o = o + 12. Give s(o).
0
Let k(o) = 3*o**3 + 3*o + o**3 - 5*o + 1. Let i be k(1). Let g(v) = -2*v**2 - 7*v + 3. Let f(p) = -3*p**2 - 9*p + 4. Let a(m) = 3*f(m) - 4*g(m). What is a(i)?
-6
Suppose 3*n - 18 = 3. Let q(k) = -k**2 + 5*k + 10. Let t be q(n). Let x(b) = b**3 + 3*b**2 - 6*b - 6. Give x(t).
2
Let d(y) = -y**2 - 9*y + 15. Let g be d(-10). Let t(w) = -w**2 + 3*w + 4. Give t(g).
-6
Let l(f) = 2*f + f**2 + 7*f**3 + 7 - f - 6*f**3 - 2. Determine l(0).
5
Let f(j) = -3*j**3 - 2*j**2 + 4*j + 5. Let n(k) = 8*k**3 + 5*k**2 - 11*k - 14. Let q = 6 + -10. Let a(x) = q*n(x) - 11*f(x). What is a(-2)?
1
Suppose 0 = 5*a - 6 - 9. Suppose -y + 0*y - 5*h = 5, -5*y = -h - 53. Suppose y = 4*o - a*r, -1 - 9 = -2*o + 4*r. Let s(g) = -5*g. Calculate s(o).
-5
Let j(v) be the third derivative of -v**7/840 - v**6/360 + v**5/40 - v**4/12 - 7*v**3/6 + 6*v**2. Let s(i) be the first derivative of j(i). Give s(2).
-8
Let j(x) = -x - 9. Let b(f) = 5*f - 30. Let h be b(6). Calculate j(h).
-9
Suppose 0 = -5*i + 2 + 13. Suppose i*n = 3*l, 5 = 2*n - 6*n + 5*l. Let m(b) = b**2 - 4*b - 5. What is m(n)?
0
Let l = -40 + 45. Let t(w) be the first derivative of 3 - l*w - 5/2*w**2 + 1/4*w**4 + 4/3*w**3. What is t(-5)?
-5
Let a(n) = -n**3 + 8*n**2 + 2*n - 11. Let s be a(8). Let j(d) = -d + 7. Let z be j(7). Let i(v) = z*v**3 + 7 + 6*v**2 + 4*v**3 - 6*v - 5*v**3. Give i(s).
2
Let a(t) = -2*t + 1. Let c(n) = -4*n**2 + 3*n**2 - 3*n + 1 - n. Suppose -3*l + 4*p = 21, 5*l = 2*p - 27 + 6. Let j be c(l). What is a(j)?
-7
Let v = 239 - 241. Let c(r) = 1 + 2 + 2*r - 1. Calculate c(v).
-2
Let a(m) = m**2 + 2*m + 1. Let u = 67 + -70. Determine a(u).
4
Let p = 24 + -22. Let l(u) be the second derivative of -2*u + 1/3*u**3 - 5/2*u**p + 1/20*u**5 + 0 - 1/3*u**4. Calculate l(4).
3
Let w(f) = -1 - 1 - f**2 - 4*f - f**3 + 3*f**2 + 5*f**2. Suppose 0 = -4*n + 17 + 7. Calculate w(n).
10
Let y(z) = z**2 + 2*z - 3. Suppose 4*b - 29 = 43. Suppose -b = 4*g - 2. What is y(g)?
5
Let a(u) = -u**2 - 7*u - 8. Let i(j) = j**3 + 8*j**2 - 6*j + 20. Let q be i(-9). Calculate a(q).
-8
Let l(j) = -9*j + 3. Suppose -4*f + 13 = 1. Calculate l(f).
-24
Let s(d) = 9*d - 1. Let w(q) = -14*q + 1. Let k(u) = 8*s(u) + 5*w(u). Let o be k(4). Let m(h) = 2*h + 2 - 6 + 0. What is m(o)?
6
Let o = -7 - -9. Suppose 4*u = -k + 25, -2*u + 3*k = 7*k - 30. Let z(c) = u - 2*c + o*c - c. Determine z(5).
0
Let y(a) = a**2 - 7*a - 4. Let i be y(8). Let v(f) = -f**3 + 5*f**2 - 5*f + 3. What is v(i)?
-1
Suppose 0 = 7*i + 2*i + 18. Let q(v) be the third derivative of v**5/24 + v**4/8 - v**3/3 - 2*v**2. Let h(d) be the first derivative of q(d). What is h(i)?
-7
Let v(u) be the first derivative of -1/3*u**3 + 2*u - 5/2*u**2 + 3. What is v(-5)?
2
Let z(g) = -1 + 2 + 51*g**2 - 71*g**2 + 35*g**2. Give z(-1).
16
Let v(d) = 2*d**2. Let n be v(1). Let j(g) = -4*g**2 + 6*g. Let o(f) = 5*f**2 - 7*f. Let i(c) = -6*j(c) - 5*o(c). Give i(n).
-6
Let w = 8 - 12. Let k be (-6)/w + 10/4. Suppose k*m + m = 0. Let j(q) = q**2 - q - 11. Determine j(m).
-11
Suppose 29 = s + 2*s - 5*x, s - 2*x = 11. Let v(j) = -3*j**2 + 6*j**s + 1 - 7*j**3 + 2 + 2*j. Give v(-3).
-3
Let b(y) be the first derivative of y**4/4 - 5*y**3/3 + 2*y**2 + y - 4. Let s(g) = -g + 7. Let p be s(5). Suppose -z = p*z - 12. What is b(z)?
1
Let m(v) = -2*v - 6. Let a be m(-6). Let j = a - 3. Let f(h) = -2 + j + 7*h + 5 - 8*h. Give f(5).
1
Suppose 25 = -3*u + 5*y, u - 2*y = -3*u - 24. Let v(c) = -5*c**2 - 3 - 3 + 0*c**2 - 2*c - c**3. Give v(u).
4
Let h(n) = 2*n + 2. Let p(d) = 7*d**2 + 4*d - 3. Let v be p(3). Suppose v = 6*c - 2*c. Suppose -2 = 4*g - c. Give h(g).
10
Let n = -1/3 - -2/3. Let i(a) be the second derivative of -2*a - n*a**4 + 0*a**2 + 0*a**3 + 0. What is i(1)?
-4
Let p(t) = 2*t - 1. Let q(z) = -z. Let y(u) = -4*p(u) - 7*q(u). Suppose 0*a + 9 = 3*a. Determine y(a).
1
Let n(k) = 6 - 1 - 4 + 4*k + 1. Give n(-2).
-6
Let o = 14 - 8. Suppose -2*d - o = 4*m, 0 = 2*m - d - d + 12. Let u(n) = 5*n**2 + 2*n. Let h(i) = -i**2 + i + 1. Let y(q) = -4*h(q) - u(q). What is y(m)?
5
Let y be 1/(-2) - (-56)/16. Suppose -15 = -i + y*u - 3, -i + 16 = -4*u. Let w(l) = -l**2 + l - 2. Determine w(i).
-2
Suppose p + 3*p = 2*b + 26, 0 = p + 3*b + 4. Let x(l) = p*l**2 + 0*l**2 - 4*l**2 + 1 + 5*l + 0*l. Suppose 4*i - i - 5*s = -27, 2*s - 6 = 0. Give x(i).
-3
Suppose -2 = -c - 0. Let u(s) = -3*s**3 + s**2 - s - 1. Let d be u(-1). Let v(h) = -6*h**3 + 5*h**3 - 5 + d*h + 2 - 2*h**2. Determine v(c).
-11
Let w(z) = -7*z**3 - 2*z**2 + 1. Let l be w(1). Let o = 5 - 7. Let c = l - o. Let t(b) = b**2 + 5*b - 7. Give t(c).
-1
Let k(u) = -u**2 + 9*u + 3. Let n be k(8). Suppose -5*v = 15, -2*b - 5*v + 0 - n = 0. Let d(s) = -1 + 4 - 2*s - b + 0 + 2*s**2. What is d(1)?
1
Let o(z) = 6*z. Let u be o(1). Suppose -3 - u = w. Let d = 14 + w. Let j(c) = -c**3 + 5*c**2 + 2*c - 4. What is j(d)?
6
Let b(n) = n**2 + 7*n - 1. Let r be (((-48)/(-2))/4)/(-1). Give b(r).
-7
Let k(y) = -2*y - 1. Let u(m) = -m + 0*m + 15 - 1 + 2*m. Let l be u(-11). Calculate k(l).
-7
Let x(y) be the third derivative of -y**4/24 - y**2. Let t be (-19)/(-4) - (-5)/(-60)*-3. Calculate x(t).
-5
Let t(o) = 58 - 4*o - 110 + 52. Calculate t(1).
-4
Let y = 7 + -1. Let u(t) = -3 - t - 3*t + 2 + y*t. Suppose 2*b = -3*j - 9, 0 = 2*j + j + 3. Give u(b).
-7
Let j(n) = 3*n**2 + 4*n + 1. Let b be j(-2). Suppose 2*t = -t + 6. Let r(x) = -4 + x**3 + 4*x - 6*x**t + 5 + 2*x. Determine r(b).
6
Suppose 3*c = -7 - 5. Let g(n) = -203 + 201 + 2*n - 4*n. What is g(c)?
6
Let z(c) = -2*c - 1. Let l be 8/3*(-9)/6. Let g = 1 + l. Let t be z(g). Let i(d) = 2*d - 2. What is i(t)?
8
Let k(p) = -p**2 - 3*p - 17. Let j(n) = n + 6. Let d(a) = -17*j(a) - 6*k(a). Suppose 0*o + 1 = o. Calculate d(o).
7
Let t(m) be the third derivative of m**4/24 - m**3/6 - 2*m**2. Suppose 2*i - 2 + 4 = 0. Determine t(i).
-2
Let z(a) = a**2 - 11*a - 1. Let h(n) = -n**3 + 9*n**2 - 16*n - 10. Let u be h(5). Determine z(u).
-11
Suppose -d - 4*d = 2*s, 2*s = d - 12. Let j(f) = -f**3 - 6*f**2 - 5*f + 3. What is j(s)?
3
Let t(i) = i**3 - 7*i**2 - 9*i + 9. Let z(y) = -y**3 + 6*y**2 + 8*y - 8. Let x(l) = -3*t(l) - 4*z(l). Determine x(4).
1
Let u(h) = -4 + h**2 + 3 - h**3 - h + 5 - 5. Suppose 0*k + 3*z = -k - 1, 5*k - 2*z + 5 = 0. Give u(k).
2
Let c(o) = o**3 + 4*o**2 + o - 3. Let p be c(-3). Let x(k) = -k**3 + 4*k**2 + 2*k - 2. Calculate x(p).
13
Suppose 5*v - 3*i + 5*i = -15, 0 = v - 4*i + 3. Let d(h) = h**3 + 3*h**2 - h - 3. What is d(v)?
0
Let n(x) = x**3 + 3*x**2 + 4*x + 2. Let d(k) = -k**3 + 3*k**2 + 5*k - 1. Let p be d(4). Suppose l + p = 1. What is n(l)?
-2
Let l(u) = -u**2 - u + 5. Let h(k) be the third derivative of -k**4/24 - 5*k**3/6 - k**2. Let p be h(-5). Let b = p - 0. Calculate l(b).
5
Let z(f) = 15*f - 3*f - 8*f + 3 - 5*f. Determine z(-3).
6
Let o(d) = d**3 - 6*d**2 - 6*d - 10. Suppose 5*h + r = 12, -6 = -2*r - r. Suppose 22 = 2*a + w + w, 0 = -4*a - h*w + 36. Calculate o(a).
-3
Let j(r) = -r**2 - 4*r. Suppose -2*q + 3*q - 10 = 2*i, -2*q = 4*i + 20. Determine j(i).
-5
Let o(c) be the second derivative of c**5/20 + c**4/2 + c**3/3 - 7*c**2/2 + 23*c. Calculate o(-5).
8
Let x(s) be the first derivative of -s**2/2 + 2*s + 18. Let v = -1 - -1. Suppose v = -0*l + 4*l - 12. Calculate x(l).
-1
Let q(t) = 4*t**2 - 1 + 13*t + 13*t - 27*t. Give q(2).
13
Let q(r) = 4*r**2 - 2*r - 3. Let z be 2/(-15) - (-14)/105 - -3. Determine q(z).
27
Let v(t) = t**3 + 5*t**2 - 4*t - 9. Let f(g) = -4*g**3 - 14*g**2 + 12*g + 28. Let u(r) = 2*f(r) + 7*v(r). Determine u(6).
5
Let w(p) = -3*p**2 - 3 + 0 + 0*p + 2*p**2 - 5*p. Let r be w(-3). Let s(m) = -m**2 + 3. Give s(r).
-6
Let j(m) = m**2 